s)?
11
Let x(d) = -3*d + 7. Let q be (64/(-8))/((1/(-1))/((-40)/(-80))). Determine x(q).
-5
Let b(q) = 29305*q + 37*q**3 - 14651*q + 2 - 14650*q + q**2. Determine b(-1).
-38
Let p(b) = -37*b**3 + b**2 - 1. Let r be 5625/30*(-4)/(-3). Let h = -251 + r. Give p(h).
37
Let p = -212 + 104. Let s be 249/27 + 24/p. Let a(x) = -x**3 + 9*x**2 + x - 12. What is a(s)?
-3
Let t(h) = -2*h**2 - 45*h - 222. Let l be t(-7). Let a(f) be the third derivative of -f**6/120 - f**5/12 + 2*f**3/3 + f**2. Determine a(l).
4
Let s(k) = -2*k**2 - 34*k - 89. Let h(i) = -i**2 - 35*i - 87. Let g(n) = 3*h(n) - 2*s(n). Determine g(39).
-5
Suppose -15*u = -u - 2*u - 10*u. Let l(z) be the third derivative of -1/10*z**5 + 0*z + 25*z**2 + u*z**4 + 0 + 0*z**3. What is l(-1)?
-6
Let f(r) = -59*r + 325. Let l(q) = 30*q - 161. Let k(s) = 2*f(s) + 5*l(s). Let w be k(5). Let v(z) = 2*z - 15. Calculate v(w).
-5
Suppose 4*u = 5*q - 18, -2*u = q + 1 + 1. Let x(o) = -9*o**2 + 6*o**q - 3 - 4*o**2 - o + 8*o**2. Give x(3).
3
Let p = -2 + -3. Let u(d) be the third derivative of -d**4/12 + 7*d**3/6 - 2*d**2 + 566*d. What is u(p)?
17
Let p(x) = -12*x - 436*x**2 + 88*x**2 + 85*x**2 + 85*x**2 + 91*x**2 + 86*x**2 - 9. Suppose -3*f + 0*d - 30 = 4*d, 50 = -5*f - 2*d. What is p(f)?
11
Let r(k) = -10*k + 4*k + 2 + k + 0 + 6. Calculate r(4).
-12
Let u(o) = 17 + o**3 + 10*o + 0*o + 15*o + 0 - 21*o**2 - 6*o. Give u(20).
-3
Let m(o) be the first derivative of 71 + 4/3*o**3 - 3/2*o**2 - 3*o - 1/4*o**4. What is m(3)?
-3
Let m(w) = 222*w - 74. Let u(i) = -514*i + 150. Let h(f) = -7*m(f) - 3*u(f). What is h(6)?
-4
Suppose -2*z - 2*g = 378, -4*g + 368 = -2*z - g. Let k = z - -191. Let y(t) be the first derivative of -t**4/4 + 4*t**3/3 + t**2/2 + 5*t + 1. Give y(k).
9
Let m(v) = 2*v**3 - v**2 + 3*v + 2. Let r be 2/(-6)*(-7 + 1 + 3). Let q be r - (-35)/(-10) - 2/(-4). What is m(q)?
-24
Let u(v) be the second derivative of -11*v**3/6 + v**2/2 + v. Let j be -11*((-42)/6 + 152/22)*2. Give u(j).
-21
Let j(w) = w**3 - 6*w**2 - 7*w - 9. Let d = 21 - -33. Suppose 0 = 18*z - 180 + d. Give j(z).
-9
Let d(h) be the second derivative of -h**4/12 + 49*h**3/2 + 383*h**2 + 10*h - 91. What is d(-5)?
6
Let l(w) be the second derivative of w**5/20 - 7*w**4/12 - 3*w**3/2 - w**2/2 - 90*w - 11. Give l(-2).
-19
Let d(a) be the second derivative of a**4/12 - a**3/2 + 7*a**2/2 + 2*a - 411. Give d(6).
25
Let x(y) be the second derivative of -y**5/20 - y**4/6 - 5*y**3/3 - 9*y**2 - 2*y - 404. Calculate x(-2).
2
Let x(j) = -j + 11. Suppose 0 = 4530*q - 4504*q. Determine x(q).
11
Let v = -20 - -10. Let c(x) = 21*x**2 - 38*x + 27. Let w(n) = -50*n**2 + 89*n - 63. Let a(s) = -19*c(s) - 8*w(s). Calculate a(v).
-9
Let z(h) = -4*h + 4. Let d be 10/1 - (0 + 2). Suppose 2 + d = 2*w. Suppose -w*f + 3*u + 35 = 0, -5*f - 4*u = -f + 4. Give z(f).
-12
Let v = -312 + 330. Let k be (-2)/(-9) + 122/v. Let g(q) = -q**3 + 8*q**2 - 7*q - 4. Determine g(k).
-4
Let u(w) be the first derivative of 28*w**3/3 + w**2 - 2*w - 3796. Determine u(2).
114
Suppose 14*w + 33 = 2525. Suppose -184*j = -w*j + 18. Let h(s) = -s**2 - 3*s. Calculate h(j).
0
Let a(l) = -l**3 - 16*l**2 + 2*l - 1. Suppose 2*i + 4*d + 50 - 18 = 0, -d = -4*d. Give a(i).
-33
Let s(n) = -4*n**2 - 6. Let b(d) = 11*d**2 - 2*d + 18. Let g be -4*(184/32 + -5). Let y(m) = g*b(m) - 8*s(m). Give y(4).
2
Suppose -61*h + 94 = -193*h - 170. Let d(c) = -2*c**2 + 7*c + 3. What is d(h)?
-19
Let r(z) be the third derivative of 0 - 24*z**2 + 0*z - 1/6*z**4 + 1/20*z**5 + 1/2*z**3. Let y = 4 + -2. What is r(y)?
7
Let z be (5 + 0)*(134 - 135). Let k(i) = -4*i**3 + 7*i**2 + i + 6. Let j(u) = -u**3 - u. Let q(x) = -5*j(x) + k(x). Give q(z).
26
Let c be 14/(-2)*(-6)/(-7). Let d(o) = -3*o**3 + o**2 + 8*o - 11. Let q(g) = -g**3 - g**2 + 4*g - 3. Let u(y) = d(y) - 4*q(y). Give u(c).
13
Let o(w) be the third derivative of 23*w**4/8 + w**3/3 + 3*w**2 + 57*w. Give o(-1).
-67
Suppose -158*r - 54 = -185*r. Let a(p) = 10*p**3 + 3*p**2 - 2. Calculate a(r).
90
Let l(j) = j - 21. Let w(o) = o - 11. Let b(f) = -2*l(f) + 5*w(f). Suppose -m = -4*s - 58, -51 - 12 = -4*m + 3*s. Calculate b(m).
5
Let n be (-309)/721 - (0 + 3629/(-7)). Let x = -521 + n. Let c(h) = -3*h - 2. Give c(x).
7
Let f(h) = -19*h**2 + 10*h - 4. Let c(y) = -18*y**2 + 8*y - 3. Suppose -41 = 21*q + 43. Let s(r) = q*f(r) + 5*c(r). What is s(-1)?
-13
Suppose 8 = -4*l + 12. Let t(a) = l + 1 + 146*a**2 - 288*a**2 + 2*a + 139*a**2. Give t(-1).
-3
Suppose -2*f = -b - 4, 2*f = -3*b - 2 - 10. Let r(j) = -j**3 + j**2 - 113*j - 9. Let i(m) = m**3 - m**2 + 94*m + 8. Let h(z) = 6*i(z) + 5*r(z). What is h(f)?
3
Let l = 332 - 330. Suppose 7 = 9*z - l. Let a(s) = -8*s - 1. Calculate a(z).
-9
Let m(y) = 2*y**2 + 10*y + 8. Let k be m(-4). Let z(g) be the third derivative of -g**4/24 - 16*g**3/3 + 311*g**2. Calculate z(k).
-32
Let q(u) = -58*u. Let c(n) = -83*n + 331. Let b(t) = -c(t) + q(t). Give b(13).
-6
Let y(f) = -3*f + 1. Suppose -b = 4*l + 39, 3*l - 2*b = -l - 54. Let k(t) = t**3 + 14*t**2 + 28*t + 6. Let c be k(l). Let p = c + -60. Give y(p).
-2
Let d(g) = -g**3 + 3*g**2 + 4*g - 4. Let q be ((-24)/42 + 0)*-14. Suppose 0 = -0*a - q*a + 24. Calculate d(a).
8
Suppose 51 = 6*t - 129. Suppose -4*u + k = -t, 5*u - 6*k = -11*k + 25. Let o(l) = -l**2 + 2*l**2 - 4 + 2*l - 7*l. Give o(u).
10
Let a(v) be the second derivative of -v**5/20 + 7*v**4/12 + 3*v**3/2 - 5*v**2 - 137*v + 2. Determine a(7).
53
Let n(o) be the first derivative of -10*o**2 + 297*o - 2170. What is n(15)?
-3
Let n(s) = -14*s + 48. Let v be n(3). Let c be 12*(-9)/12 + v. Let q(k) = 8*k. Determine q(c).
-24
Let f be (-70)/4*40/(-50). Let d(i) = i + 16 - f + 2*i**2 + 0*i**3 - i**3. Let k(l) = -2*l**2 + 27*l + 83. Let y be k(16). Calculate d(y).
-4
Suppose 0 = 3*m - y + 30 - 29, -5*m = 5*y - 25. Let l(r) = 5 - 3 - 3 + r - 7*r**2. Give l(m).
-7
Let q(z) be the first derivative of z**6/12 + z**5/60 - z**4/24 - z**3/6 - 117*z**2/2 - 130. Let k(n) be the second derivative of q(n). Calculate k(-1).
-9
Let w(j) be the first derivative of j**3/3 + 7*j**2/2 - 21*j - 86. What is w(-11)?
23
Let l(p) = -96*p - 15. Let k(t) = 65*t + 16. Let w(d) = 3*k(d) + 2*l(d). What is w(-14)?
-24
Let w(x) = -x**2 + x - 1. Let p(d) = -5*d**2 + 12*d + 5. Let g(i) = p(i) - 4*w(i). Suppose 0 = -8*k - 4 + 68. Calculate g(k).
9
Let w = 479 + -475. Let r(t) = w*t**2 - 74 + 5*t - 8*t**2 + 72. Let f(h) = -h**2 + 5*h - 3. Let x be f(3). Determine r(x).
-23
Let z = 217 - 203. Suppose z*l - l = -65. Let t(r) be the first derivative of -r**2/2 - 11*r - 2. Determine t(l).
-6
Let n(k) = k**3 - 13*k**2 - 16*k + 17. Suppose -240*s + 257*s = 238. What is n(s)?
-11
Let l(v) = -5*v - 6. Let i = -159 - -157. Let z be ((-3)/(-6))/(-1)*(8 - i). Give l(z).
19
Let n(j) = -2*j**2 + 2*j - 8. Let y(f) = 178*f + 717. Let h be y(-4). Calculate n(h).
-48
Let b(h) = -h**2 + 5*h - 1. Let z = 2 - -4. Suppose 21*t - 406 = 161. Suppose z*a - t = -3. Determine b(a).
3
Suppose -1036 = -3*a - 5*m, -12*a - 2*m - 360 = -13*a. Let u(g) = 114 - a + 113 + 121 + 4*g. Suppose 0 = -0*s - s + 5. Give u(s).
16
Let q(o) = o**2 + 8*o + 5. Let j = 115 + 144. Suppose 15*h - 679 = -j. Suppose -5*k = -h + 53. Give q(k).
-10
Let b(w) be the third derivative of 3*w**2 + 0 + 1/4*w**4 + 0*w + 1/120*w**6 + 3/20*w**5 - 5/3*w**3. Let j(r) = 2*r + 44. Let n be j(-26). Calculate b(n).
6
Let b(l) = -l**2 - 8*l - 4. Let f be b(-7). Suppose 8 = 4*r - 4*n, -f*r = -2*r + 2*n - 5. Let d(h) = -5*h - 21*h**3 + 4*h + 12*h**r. Determine d(-1).
10
Let x(q) = 34 - q**2 - 92*q + 100*q - 39. Determine x(4).
11
Let s(j) = 38*j - 1. Let u(g) = -150*g + 8. Let k(w) = -4*s(w) - u(w). Determine k(-5).
6
Let i = 276 - 274. Suppose r + 3*y = 2*y - i, -4*r - 4 = 3*y. Let x(f) = f - 6. What is x(r)?
-4
Let h(c) = -699374*c**2 + 2*c**3 + 699377*c**2 + c**3 - 6*c**3. Suppose 5*f - 5 = -0*f - j, j = -f - 3. Give h(f).
-12
Let o(m) = 29*m + 39. Let v(k) = -5*k - 1. Let p(r) = -o(r) - 4*v(r). Let x(t) = 5*t + 18. Let i(z) = 4*p(z) + 7*x(z). Give i(-7).
-7
Let w = 403 + -401. Let c(o) = -12 + 5*o + 26*o**w - o**3 + 10*o**2 - 41*o**2. Give c(-6).
-6
Suppose 4*o + 0*i - 25 = -i, 0 = -2*o + i + 5. Let a(p) = -48 + 26 - 17 + 32 + 7*p. Calculate a(o).
28
Let k(p) = 7*p**2 + 1 - 5*p**3 - 5*p**2 - p**3 + 2*p. Suppose -79*w = -76*w + 15. Let